{"id":144,"date":"2011-09-04T20:52:10","date_gmt":"2011-09-04T20:52:10","guid":{"rendered":"http:\/\/www.physio-muenster.de\/tibus\/?page_id=144"},"modified":"2012-01-28T12:45:49","modified_gmt":"2012-01-28T12:45:49","slug":"massagen","status":"publish","type":"page","link":"https:\/\/www.physio-muenster.de\/tibus\/massagen\/","title":{"rendered":"Massagen"},"content":{"rendered":"<p>Die Massage ist wahrscheinlich die \u00e4lteste Heilkunst der Erde. Sie ist die Urform der Behandlung verschiedenster Erkrankungen. Jeder von uns dr\u00fcckt oder streicht als erstes fast instinktiv an schmerzenden Stellen, um Beschwerden zu lindern. Eltern streicheln ihr weinendes Kind.<\/p>\n<p>Schon um 2700 J. v. Chr. wurde Massage als eine der 4 klassischen Behandlungsmethoden im Sinne von Krankheitsvorbeugung und Wohlbefinden angewandt .<\/p>\n<p>Die Massage ist auch eine Therapiemethode zur Beeinflussung von Tonus(Muskelspannung) und Tugor(Zelldruck) der Haut und Muskulatur, von Kontrakturen(dauerhafte Gelenkversteifung), Narben und Zirkulationsst\u00f6rungen durch Dehnungs-, Zug- und Druckreize.<\/p>\n<p>&nbsp;<\/p>\n<p><strong>Allgemeine Wirkung:<\/strong><\/p>\n<ul>\n<li>Steigerung der lokalen Durchblutung<\/li>\n<li>Endstauung des Venen-und Lymphapparates<\/li>\n<li>Regulierung der Muskelspannung(-tonus)<\/li>\n<li>Reaktiverung der behandelten Muskulatur<\/li>\n<li>L\u00f6sung von Narben und Gewebeverklebungen<\/li>\n<li>Schmerzlinderung<\/li>\n<li>Psychische und physische Entspannung<\/li>\n<\/ul>\n<p><strong>Anwendungsbereiche:<\/strong><\/p>\n<ul>\n<li>Erkrankungen des Bewegungsapparates: WS-Syndrome, Arthrosen, Rheumatische Erkrankungen, Posttraumatisch<\/li>\n<li>Erkrankungen der Haut<\/li>\n<li>Erkrankungen der inneren Organe:<br \/>\nAtemwegserkrankungen, Gef\u00e4\u00dferkrankungen, Erkrankungen der Verdauungsorgane<\/li>\n<li>Neurologische St\u00f6rungen von z.B. Neuralgien, Paresen, Spastiken,<\/li>\n<li>\u00dcberlastung (Stre\u00df), psychische St\u00f6rungen<\/li>\n<\/ul>\n<p><strong>Massagearten:<\/strong><\/p>\n<ul>\n<li>klassische Massage mit oder ohne Einsatz von Aroma\u00f6len<\/li>\n<li>Teilmassage<\/li>\n<li>Fu\u00dfreflexzonenmassage<\/li>\n<li>Bindegewebemassage<\/li>\n<\/ul>\n","protected":false},"excerpt":{"rendered":"<p>Die Massage ist wahrscheinlich die \u00e4lteste Heilkunst der Erde. Sie ist die Urform der Behandlung verschiedenster Erkrankungen. Jeder von uns dr\u00fcckt oder streicht als erstes fast instinktiv an schmerzenden Stellen, um Beschwerden zu lindern. Eltern streicheln ihr weinendes Kind. Schon &hellip; <a href=\"https:\/\/www.physio-muenster.de\/tibus\/massagen\/\">Weiterlesen <span class=\"meta-nav\">&rarr;<\/span><\/a><\/p>\n","protected":false},"author":1,"featured_media":0,"parent":0,"menu_order":8,"comment_status":"open","ping_status":"open","template":"full-width-page.php","meta":{"_monsterinsights_skip_tracking":false,"_monsterinsights_sitenote_active":false,"_monsterinsights_sitenote_note":"","_monsterinsights_sitenote_category":0,"ngg_post_thumbnail":0,"_themeisle_gutenberg_block_has_review":false},"aioseo_notices":[],"_links":{"self":[{"href":"https:\/\/www.physio-muenster.de\/tibus\/wp-json\/wp\/v2\/pages\/144"}],"collection":[{"href":"https:\/\/www.physio-muenster.de\/tibus\/wp-json\/wp\/v2\/pages"}],"about":[{"href":"https:\/\/www.physio-muenster.de\/tibus\/wp-json\/wp\/v2\/types\/page"}],"author":[{"embeddable":true,"href":"https:\/\/www.physio-muenster.de\/tibus\/wp-json\/wp\/v2\/users\/1"}],"replies":[{"embeddable":true,"href":"https:\/\/www.physio-muenster.de\/tibus\/wp-json\/wp\/v2\/comments?post=144"}],"version-history":[{"count":3,"href":"https:\/\/www.physio-muenster.de\/tibus\/wp-json\/wp\/v2\/pages\/144\/revisions"}],"predecessor-version":[{"id":315,"href":"https:\/\/www.physio-muenster.de\/tibus\/wp-json\/wp\/v2\/pages\/144\/revisions\/315"}],"wp:attachment":[{"href":"https:\/\/www.physio-muenster.de\/tibus\/wp-json\/wp\/v2\/media?parent=144"}],"curies":[{"name":"wp","href":"https:\/\/api.w.org\/{rel}","templated":true}]}}