{"id":33,"date":"2011-09-04T18:39:15","date_gmt":"2011-09-04T18:39:15","guid":{"rendered":"http:\/\/www.physio-muenster.de\/tibus\/?page_id=33"},"modified":"2012-01-28T12:39:16","modified_gmt":"2012-01-28T12:39:16","slug":"in-kontinenz-beckenbodentraining","status":"publish","type":"page","link":"https:\/\/www.physio-muenster.de\/tibus\/in-kontinenz-beckenbodentraining\/","title":{"rendered":"(In-)Kontinenz \/ Beckenbodentraining"},"content":{"rendered":"<p>Ein Thema, \u00fcber das man(n) nicht gerne spricht.<\/p>\n<h4>Definition<\/h4>\n<p>Als <em>Inkontinenz<\/em> bezeichnet man, wenn Harn oder Stuhl willentlich nicht zur\u00fcckgehalten werden k\u00f6nnen. Dies kann sehr h\u00e4ufig der Fall sein bei M\u00e4nnern nach Prostata-Operationen oder bei Frauen nach Entbindungen oder Unterleibsoperationen. Aber auch im Alter kann dies bei Bindegewebsschw\u00e4chen auftreten.<\/p>\n<p>Die Aufgabe der <em>Kontinenz<\/em> (das bewu\u00dfte Kontrollieren(Zur\u00fcckhalten) von Harn oder Stuhl) \u00fcbernehmen die Schlie\u00dfmuskeln. Die Schlie\u00dfmuskeln, die bewu\u00dft kontrolliert werden k\u00f6nnen, sitzen im Beckenboden. Die Lage des Beckenbodens ist, wie der Name schon sagt, am unteren Ende des Beckens. Der Beckenboden besteht aus Muskeln und \u201cspannt sich auf\u201d zwischen dem Schambeinknochen (vorne), Sitzbeinknochen (seitlich rechts und links) und dem Stei\u00dfbein (hinten).<\/p>\n<p>In der Behandlung wird gezielt die Beckenbodenmuskulatur gekr\u00e4ftigt, um ein Gleichgewicht der Kraft dieser Muskulatur zur Druckbelastung des Bauchinnenraumes bei Alltagssituationen herzustellen. Dies beinhaltet auch das bewusste Wahrnehmen dieses K\u00f6perbereiches und der damit verbundenen Umsetzung von Verhaltensregeln \u00f6konomische Aktivit\u00e4ten in Haltung und Bewegung.<\/p>\n<p>Die R\u00fcckbildungsgymnastik nach Geburten erfolgt haupts\u00e4chlich durch ein gezieltes Beckenbodentraining zur Vorbeugung und Behandlung von Blasenfunktionsst\u00f6rungen oder Inkontinenz.<\/p>\n<p>Stellen Sie fest, dass sie immer wieder mal ein paar Tropfen Harn verlieren, oder an einer Blasenschw\u00e4che leiden, kann ich Ihnen mit einem auf Ihr Problem abgestimmtes Training den Alltag wieder erleichtern.<\/p>\n<p><strong>Abrechnungshinweis:<\/strong><br \/>\nIch f\u00fchre diese spezielle Behandlungsform als Einzeltherapie durch, um Ihre Privatsph\u00e4re zu waren. Beckenbodengymnastik kann mit der Verordnung <strong>\u201eKrankengymnastik\u201c<\/strong> abgerechnet werden.<br \/>\nOder Sie nehmen an einem meiner Kurse teil, die durch Ihre Krankenkasse gef\u00f6rdert werden.<\/p>\n","protected":false},"excerpt":{"rendered":"<p>Ein Thema, \u00fcber das man(n) nicht gerne spricht. Definition Als Inkontinenz bezeichnet man, wenn Harn oder Stuhl willentlich nicht zur\u00fcckgehalten werden k\u00f6nnen. Dies kann sehr h\u00e4ufig der Fall sein bei M\u00e4nnern nach Prostata-Operationen oder bei Frauen nach Entbindungen oder Unterleibsoperationen. &hellip; <a href=\"https:\/\/www.physio-muenster.de\/tibus\/in-kontinenz-beckenbodentraining\/\">Weiterlesen <span class=\"meta-nav\">&rarr;<\/span><\/a><\/p>\n","protected":false},"author":1,"featured_media":0,"parent":0,"menu_order":8,"comment_status":"open","ping_status":"open","template":"full-width-page.php","meta":{"_monsterinsights_skip_tracking":false,"_monsterinsights_sitenote_active":false,"_monsterinsights_sitenote_note":"","_monsterinsights_sitenote_category":0,"ngg_post_thumbnail":0,"_themeisle_gutenberg_block_has_review":false},"aioseo_notices":[],"_links":{"self":[{"href":"https:\/\/www.physio-muenster.de\/tibus\/wp-json\/wp\/v2\/pages\/33"}],"collection":[{"href":"https:\/\/www.physio-muenster.de\/tibus\/wp-json\/wp\/v2\/pages"}],"about":[{"href":"https:\/\/www.physio-muenster.de\/tibus\/wp-json\/wp\/v2\/types\/page"}],"author":[{"embeddable":true,"href":"https:\/\/www.physio-muenster.de\/tibus\/wp-json\/wp\/v2\/users\/1"}],"replies":[{"embeddable":true,"href":"https:\/\/www.physio-muenster.de\/tibus\/wp-json\/wp\/v2\/comments?post=33"}],"version-history":[{"count":4,"href":"https:\/\/www.physio-muenster.de\/tibus\/wp-json\/wp\/v2\/pages\/33\/revisions"}],"predecessor-version":[{"id":304,"href":"https:\/\/www.physio-muenster.de\/tibus\/wp-json\/wp\/v2\/pages\/33\/revisions\/304"}],"wp:attachment":[{"href":"https:\/\/www.physio-muenster.de\/tibus\/wp-json\/wp\/v2\/media?parent=33"}],"curies":[{"name":"wp","href":"https:\/\/api.w.org\/{rel}","templated":true}]}}