{"id":37,"date":"2011-09-04T18:41:06","date_gmt":"2011-09-04T18:41:06","guid":{"rendered":"http:\/\/www.physio-muenster.de\/tibus\/?page_id=37"},"modified":"2014-02-05T21:54:40","modified_gmt":"2014-02-05T21:54:40","slug":"craniosacrale-therapie","status":"publish","type":"page","link":"https:\/\/www.physio-muenster.de\/tibus\/craniosacrale-therapie\/","title":{"rendered":"CranioSacrale Therapie"},"content":{"rendered":"<p>Die CranioSacrale Therapie ist eine sehr sanfte und zugleich sehr tief wirkende, entspannende, ganzheitliche, manuelle K\u00f6rpertherapie. Sie dient der Wiederherstellung des k\u00f6rperlich-physischen und auch seelischen Gleichgewichtes und der Aktivierung der Selbstheilungskr\u00e4fte.<\/p>\n<h2>Historie<\/h2>\n<p>Die CranioSacrale Therapie wurde Anfang der 30er Jahre von dem amerikanischen Osteopathen Dr. William G. Sutherland (1873 &#8211; 1954) entwickelt als er die un\u00fcbliche Idee hatte, dass Sch\u00e4delknochen einen bestimmte Form und dadurch einen bestimmten Zweck im K\u00f6rper haben. Durch seine unerm\u00fcdlichen Bem\u00fchungen entdeckte Sutherland immer wieder Eigenbewegungen in diesem CranioSacralen System und kam zu dem Schluss, dass durch Bewegungen des CarnioSacralenSystemns, die unabh\u00e4ngig von Herz-und Atemrhythmus stattfinden, ein dritter physiologischer Rhythmus &#8211; der CranioSacrale Rhythmus &#8211; im menschlichen K\u00f6rper existiert.<\/p>\n<p>Das CranioSacrale System umfasst \u00e4u\u00dferlich den Sch\u00e4del (Cranium), die Wirbels\u00e4ule und das Kreuzbein (Sacrum). Der innere Anteil besteht aus den H\u00fcllen des Zentralen Nervensystems (Hirn- und R\u00fcckenmarksh\u00e4ute) und der rhythmisch fluktuierenden Gehirn-und R\u00fcckenmarksfl\u00fcssigkeit (Liquor cerebrospinalis).<\/p>\n<p>Durch Eigenversuche konnte Dr. Sutherland nachweisen, das Verspannungen und Druck im CranioSacralen System negativ Einfl\u00fcsse auf die Gesundheit haben k\u00f6nnen.<\/p>\n<h2>Wirkung<\/h2>\n<p>Kommt auf Grund von k\u00f6rperlichen oder psychischen Verletzungen das CranioSacrale-System aus der Balance, machen sich Krankheitssymtome(Restriktionen) auf verschiedenen Ebenen des K\u00f6rpers bemerkbar, weil der CranioSacrale-Rhythmus sich ver\u00e4ndert.<\/p>\n<h2>Die Therapie<\/h2>\n<p>Durch die manuelle Ausl\u00f6sung von feinen Spontanbewegungen des Gewebes durch den Therapeuten, k\u00f6nnen sich beim &#8222;Patienten&#8220; alte physische und psychische Traumata aus dem Zellged\u00e4chtnis l\u00f6sen. Die k\u00f6rperliche Behandlung wird bei Bedarf durch einen therapeutischen Dialog unterst\u00fctzt werden. So k\u00f6nnen Einstellungen, Gef\u00fchle und alte Denkmuster, die zu Blockierungen im K\u00f6rper f\u00fchrten, dem Klienten bewusst gemacht werden. Eine Neuordnung dieser Muster, bis hin zu neuen Verhaltensweisen, ist erw\u00fcnscht.<\/p>\n<h2>Indikationen<\/h2>\n<p><strong>aus dem Bereich der orthop\u00e4dischen Erkrankungen k\u00f6nnen behandelt werden: <\/strong><\/p>\n<ul>\n<li>Dysfunktionen des zentralen Nervensystems<\/li>\n<li>Migr\u00e4ne und Kopfschmerzen<\/li>\n<li>chronische R\u00fccken- und Wirbels\u00e4ulenbeschwerden (Cervical\/lumbal)<\/li>\n<li>Schleudertrauma, Migr\u00e4ne-Kopfschmerz<\/li>\n<li>Kiefergelenksprobleme(Dysfunktion)<\/li>\n<li>Multiple Sklerose, Morbus Parkinson<\/li>\n<li>Trigeminusneuralgien<\/li>\n<\/ul>\n<p><strong>aus dem Bereich der neurologischen Erkrankungen: <\/strong><\/p>\n<ul>\n<li>Tinnitus, H\u00f6rsturz, Sehst\u00f6rungen<\/li>\n<li>Rheuma, Fibromyalgie<\/li>\n<li>Funktionsst\u00f6rungen der inneren Organe<\/li>\n<li>Endokrine St\u00f6rungen: Schilddr\u00fcse, Hypophyse&#8230;<strong><br \/>\n<\/strong><\/li>\n<\/ul>\n<p><strong>aus \u00fcbergreifenden Bereichen der Medizin:<\/strong><\/p>\n<ul>\n<li>stress- und spannungsbedingten St\u00f6rungen<\/li>\n<li>Dysfunktionen im S\u00e4uglingsalter<\/li>\n<li>Lernschwierigkeiten<\/li>\n<\/ul>\n","protected":false},"excerpt":{"rendered":"<p>Die CranioSacrale Therapie ist eine sehr sanfte und zugleich sehr tief wirkende, entspannende, ganzheitliche, manuelle K\u00f6rpertherapie. Sie dient der Wiederherstellung des k\u00f6rperlich-physischen und auch seelischen Gleichgewichtes und der Aktivierung der Selbstheilungskr\u00e4fte. Historie Die CranioSacrale Therapie wurde Anfang der 30er Jahre &hellip; <a href=\"https:\/\/www.physio-muenster.de\/tibus\/craniosacrale-therapie\/\">Weiterlesen <span class=\"meta-nav\">&rarr;<\/span><\/a><\/p>\n","protected":false},"author":1,"featured_media":0,"parent":0,"menu_order":8,"comment_status":"open","ping_status":"open","template":"","meta":{"_monsterinsights_skip_tracking":false,"_monsterinsights_sitenote_active":false,"_monsterinsights_sitenote_note":"","_monsterinsights_sitenote_category":0,"ngg_post_thumbnail":0,"_themeisle_gutenberg_block_has_review":false},"aioseo_notices":[],"_links":{"self":[{"href":"https:\/\/www.physio-muenster.de\/tibus\/wp-json\/wp\/v2\/pages\/37"}],"collection":[{"href":"https:\/\/www.physio-muenster.de\/tibus\/wp-json\/wp\/v2\/pages"}],"about":[{"href":"https:\/\/www.physio-muenster.de\/tibus\/wp-json\/wp\/v2\/types\/page"}],"author":[{"embeddable":true,"href":"https:\/\/www.physio-muenster.de\/tibus\/wp-json\/wp\/v2\/users\/1"}],"replies":[{"embeddable":true,"href":"https:\/\/www.physio-muenster.de\/tibus\/wp-json\/wp\/v2\/comments?post=37"}],"version-history":[{"count":7,"href":"https:\/\/www.physio-muenster.de\/tibus\/wp-json\/wp\/v2\/pages\/37\/revisions"}],"predecessor-version":[{"id":214,"href":"https:\/\/www.physio-muenster.de\/tibus\/wp-json\/wp\/v2\/pages\/37\/revisions\/214"}],"wp:attachment":[{"href":"https:\/\/www.physio-muenster.de\/tibus\/wp-json\/wp\/v2\/media?parent=37"}],"curies":[{"name":"wp","href":"https:\/\/api.w.org\/{rel}","templated":true}]}}