{"id":41,"date":"2011-09-04T18:42:42","date_gmt":"2011-09-04T18:42:42","guid":{"rendered":"http:\/\/www.physio-muenster.de\/tibus\/?page_id=41"},"modified":"2012-01-28T12:43:51","modified_gmt":"2012-01-28T12:43:51","slug":"kaltetherapiewarmentzug-von-ausen","status":"publish","type":"page","link":"https:\/\/www.physio-muenster.de\/tibus\/kaltetherapiewarmentzug-von-ausen\/","title":{"rendered":"K\u00e4ltetherapie(W\u00e4rmentzug von au\u00dfen):"},"content":{"rendered":"<p><strong>Allgemeine Wirkung:<\/strong><\/p>\n<ul>\n<li>Schmerzreduktion<\/li>\n<li>Entz\u00fcndungshemmung<\/li>\n<li>Stauminderung bei \u00d6demen<\/li>\n<li>Funktionsverbesserung von Muskeln und Gelenken<\/li>\n<li>Senkung der Muskelspannung(Langanwendung; Durchblutungsverbesserung)<\/li>\n<li>Erh\u00f6hung der Muskelspannung(Kurzzeitanwendung; L\u00e4hmungen)<\/li>\n<\/ul>\n<p><strong>Anwendungsbereiche:<\/strong><\/p>\n<ul>\n<li>Sportverletzungen<\/li>\n<li>entz\u00fcndliche Prozesse<\/li>\n<li>\u00d6deme und Stauungen<\/li>\n<li>oberfl\u00e4chliche und tiefe Schmerzen<\/li>\n<li>Rheumatische Arthritis (als Ganzk\u00f6rperk\u00e4ltetherapie in Klimakammern)<\/li>\n<\/ul>\n<p>&nbsp;<\/p>\n","protected":false},"excerpt":{"rendered":"<p>Allgemeine Wirkung: Schmerzreduktion Entz\u00fcndungshemmung Stauminderung bei \u00d6demen Funktionsverbesserung von Muskeln und Gelenken Senkung der Muskelspannung(Langanwendung; Durchblutungsverbesserung) Erh\u00f6hung der Muskelspannung(Kurzzeitanwendung; L\u00e4hmungen) Anwendungsbereiche: Sportverletzungen entz\u00fcndliche Prozesse \u00d6deme und Stauungen oberfl\u00e4chliche und tiefe Schmerzen Rheumatische Arthritis (als Ganzk\u00f6rperk\u00e4ltetherapie in Klimakammern) &nbsp;<\/p>\n","protected":false},"author":1,"featured_media":0,"parent":0,"menu_order":8,"comment_status":"open","ping_status":"open","template":"full-width-page.php","meta":{"_monsterinsights_skip_tracking":false,"_monsterinsights_sitenote_active":false,"_monsterinsights_sitenote_note":"","_monsterinsights_sitenote_category":0,"ngg_post_thumbnail":0,"_themeisle_gutenberg_block_has_review":false},"aioseo_notices":[],"_links":{"self":[{"href":"https:\/\/www.physio-muenster.de\/tibus\/wp-json\/wp\/v2\/pages\/41"}],"collection":[{"href":"https:\/\/www.physio-muenster.de\/tibus\/wp-json\/wp\/v2\/pages"}],"about":[{"href":"https:\/\/www.physio-muenster.de\/tibus\/wp-json\/wp\/v2\/types\/page"}],"author":[{"embeddable":true,"href":"https:\/\/www.physio-muenster.de\/tibus\/wp-json\/wp\/v2\/users\/1"}],"replies":[{"embeddable":true,"href":"https:\/\/www.physio-muenster.de\/tibus\/wp-json\/wp\/v2\/comments?post=41"}],"version-history":[{"count":4,"href":"https:\/\/www.physio-muenster.de\/tibus\/wp-json\/wp\/v2\/pages\/41\/revisions"}],"predecessor-version":[{"id":312,"href":"https:\/\/www.physio-muenster.de\/tibus\/wp-json\/wp\/v2\/pages\/41\/revisions\/312"}],"wp:attachment":[{"href":"https:\/\/www.physio-muenster.de\/tibus\/wp-json\/wp\/v2\/media?parent=41"}],"curies":[{"name":"wp","href":"https:\/\/api.w.org\/{rel}","templated":true}]}}