{"id":56,"date":"2011-09-04T18:47:47","date_gmt":"2011-09-04T18:47:47","guid":{"rendered":"http:\/\/www.physio-muenster.de\/tibus\/?page_id=56"},"modified":"2012-01-28T12:54:10","modified_gmt":"2012-01-28T12:54:10","slug":"skoliosebehandlung-nach-schroth","status":"publish","type":"page","link":"https:\/\/www.physio-muenster.de\/tibus\/skoliosebehandlung-nach-schroth\/","title":{"rendered":"Skoliosebehandlung nach Schroth"},"content":{"rendered":"<p>Als Skoliose wird die Seitverbiegung der Wirbels\u00e4ule, bei gleichzeitiger Drehung der Wirbel, die nicht sich nicht mehr vollst\u00e4ndig aufgerichten, bezeichnet.<\/p>\n<p>Einfach ausgedr\u00fcckt hei\u00dft das, die Wirbels\u00e4ule ist krumm.<\/p>\n<p>Viele Menschen merken gar nicht, das sie an einer Skoliose leiden. Alle anderen sind in ihrer Lebensqualit\u00e4t eingeschr\u00e4nkt und k\u00f6nnen unter Schmerzen leiden.<br \/>\nBei ca. 80% der betroffenen Patienten ist die Ursache nicht feststellbar und wird als \u201eidiopatisch\u201c, \u201eAus sich selbst heraus entwickelt\u201c bezeichnet.<\/p>\n<p>Bei den anderen 20% kennt man als Ursachen:<\/p>\n<ul>\n<li>Rachitis(durch Vitamin D -Mangel)<\/li>\n<li>angeborene Knochenmissbildungen<\/li>\n<li>famili\u00e4re Disposition<\/li>\n<li>Beinl\u00e4ngendifferenz<\/li>\n<li>Unfall<\/li>\n<li>L\u00e4hmungen<\/li>\n<li>Muskeldifferenzen(Ungleichheiten)<\/li>\n<li>u.v.m.<\/li>\n<\/ul>\n<p>Umso gr\u00f6\u00dfer die Abweichungen aus der Mitte heraus ist, desto l\u00e4nger werden die Muskeln auf der einen Seite, mit einer entsprechenden Verk\u00fcrzung auf der anderen Seite. Dadurch verliert der Muskelapparat seine Haltefunktion. Oft beginnen die Ver\u00e4nderungen schon im Lendenabschnitt und verst\u00e4rken sich nach oben.<\/p>\n<p>Diese kann der Patient unter Anleitung des Therapeuten vor einem Spiegel sehr gut erkennen.<\/p>\n<p>Das Therapieziel ist, dem Patienten unter Anleitung und Unterst\u00fctzung durch den Therapeuten, M\u00f6glichkeiten an die Hand zu geben, einer weitere Wirbels\u00e4ulenverformung zu stoppen bzw. dieser entgegen zu wirken.<br \/>\nF\u00fcr eine erfolgreiche Behandlung ist es entscheidend, m\u00f6glichst fr\u00fchzeitig das Krankheitsbild zu erkennen, da die gr\u00f6\u00dften Erfolge im Kindesalter, erreicht werden. Au\u00dferdem ist es f\u00fcr den Behandlungserfolg wichtig, das der Patient die empfohlenen \u00dcbungen auch zu Hause konsequent weiterf\u00fchrt.<\/p>\n<p>\u00dcberaus wichtig ist die Zusammenarbeit des Therapeuten mit Orthop\u00e4dietechnikern und dem behandelnden Arzt.<\/p>\n<p>Ich habe an der Asklepios Katharina-Schroth-Klinik in Bad Sobernheim meine Ausbildung zur Schroth-Therapeutin absolviert und biete Ihnen die Behandlung in meiner Praxis an.<\/p>\n","protected":false},"excerpt":{"rendered":"<p>Als Skoliose wird die Seitverbiegung der Wirbels\u00e4ule, bei gleichzeitiger Drehung der Wirbel, die nicht sich nicht mehr vollst\u00e4ndig aufgerichten, bezeichnet. Einfach ausgedr\u00fcckt hei\u00dft das, die Wirbels\u00e4ule ist krumm. Viele Menschen merken gar nicht, das sie an einer Skoliose leiden. Alle &hellip; <a href=\"https:\/\/www.physio-muenster.de\/tibus\/skoliosebehandlung-nach-schroth\/\">Weiterlesen <span class=\"meta-nav\">&rarr;<\/span><\/a><\/p>\n","protected":false},"author":1,"featured_media":0,"parent":0,"menu_order":3,"comment_status":"open","ping_status":"open","template":"full-width-page.php","meta":{"_monsterinsights_skip_tracking":false,"_monsterinsights_sitenote_active":false,"_monsterinsights_sitenote_note":"","_monsterinsights_sitenote_category":0,"ngg_post_thumbnail":0,"_themeisle_gutenberg_block_has_review":false},"aioseo_notices":[],"_links":{"self":[{"href":"https:\/\/www.physio-muenster.de\/tibus\/wp-json\/wp\/v2\/pages\/56"}],"collection":[{"href":"https:\/\/www.physio-muenster.de\/tibus\/wp-json\/wp\/v2\/pages"}],"about":[{"href":"https:\/\/www.physio-muenster.de\/tibus\/wp-json\/wp\/v2\/types\/page"}],"author":[{"embeddable":true,"href":"https:\/\/www.physio-muenster.de\/tibus\/wp-json\/wp\/v2\/users\/1"}],"replies":[{"embeddable":true,"href":"https:\/\/www.physio-muenster.de\/tibus\/wp-json\/wp\/v2\/comments?post=56"}],"version-history":[{"count":3,"href":"https:\/\/www.physio-muenster.de\/tibus\/wp-json\/wp\/v2\/pages\/56\/revisions"}],"predecessor-version":[{"id":324,"href":"https:\/\/www.physio-muenster.de\/tibus\/wp-json\/wp\/v2\/pages\/56\/revisions\/324"}],"wp:attachment":[{"href":"https:\/\/www.physio-muenster.de\/tibus\/wp-json\/wp\/v2\/media?parent=56"}],"curies":[{"name":"wp","href":"https:\/\/api.w.org\/{rel}","templated":true}]}}